{"id":25,"date":"2018-03-06T09:49:12","date_gmt":"2018-03-06T09:49:12","guid":{"rendered":"http:\/\/www.newambientibiza.com\/?page_id=25"},"modified":"2018-03-20T10:46:58","modified_gmt":"2018-03-20T10:46:58","slug":"destinos","status":"publish","type":"page","link":"https:\/\/www.newambientibiza.com\/?page_id=25","title":{"rendered":"Destinos"},"content":{"rendered":"<p>[vc_row css=\u201d.vc_custom_1521542971227{margin-top: 100px !important;background-color: #e8e8e8 !important;}\u201d][vc_column width=\u201d1\/2\u2033][vc_empty_space height=\u201d20px\u201d][vc_column_text el_class=\u201dtitulosnegro\u201d]<\/p>\n<h2><strong>DESTINO 1<\/strong><\/h2>\n<p>[\/vc_column_text][vc_column_text el_class=\u201dtextonegro\u201d]<strong>PLAYA DE ILLETES<\/strong><\/p>\n<p>FORMENTERA: isla de las Pitiusas al sur de Ibiza , donde podr\u00e1 disfrutar de un magnifico d\u00eda en barco y chiringuitos.<\/p>\n<p>Una vez fondeados en la playa de <strong>ILLETES<\/strong>, disfrutaran de una relajante ma\u00f1ana de playa, donde entre ba\u00f1o y ba\u00f1o llegaran hasta la hora de comer.<\/p>\n<p>No pierda la oportunidad de realizar cualquier actividad en sus aguas cristalinas como\u00a0<strong>paddle surf <\/strong>o <strong>snorkel<\/strong>\u2026<strong>seabob\u2026<\/strong><\/p>\n<p>En este caso ofrecemos o bien un catering en el barco, servido por una azafata a la vez que servir\u00e1 bebidas o cocteles durante el trayecto si as\u00ed lo desean, o reserva (con antelaci\u00f3n) en unos de los chiringuitos de esta playa como <strong>Juan y Andrea.<\/strong><\/p>\n<p>Una vez comidos y rejalados, pasar\u00e1n una magnifica tarde de ba\u00f1o en la playa, hasta la hora de la vuelta. La salida para la vuelta ser\u00e1 un poco antes de las 7 de la tarde dado que queda una hora de traves\u00eda de vuelta hasta el puerto.[\/vc_column_text][vc_empty_space][\/vc_column][vc_column width=\u201d1\/2\u2033][vc_empty_space height=\u201d50\u2033][vc_media_grid grid_id=\u201dvc_gid:1521542927268-7d545ec1-0b4a-8\u2033 include=\u201d436,435,434,433,432,412\u2033][vc_empty_space][\/vc_column][\/vc_row][vc_row css=\u201d.vc_custom_1521465251826{background-color: #ffffff !important;}\u201d][vc_column width=\u201d1\/2\u2033][vc_empty_space][vc_column_text el_class=\u201dtitulosnegro\u201d]<\/p>\n<h2><strong>DESTINO 2<\/strong><\/h2>\n<p>[\/vc_column_text][vc_column_text el_class=\u201dtextonegro\u201d]<strong>CALA LLONGA\/SOL D\u00b4EN SERRA O PLAYA DE S\u00b4ESTANYOL<\/strong><\/p>\n<p>De traves\u00eda hasta esta bonita cala llamada <strong>Cala LLonga<\/strong> , disfrutaremos de un recorrido donde podremos disfrutar de las vistas de la costa Este de la isla, sitios \u00fanicos y exclusivos a la vista s\u00f3lo desde el mar para un grupo privilegiado de viajeros.<\/p>\n<p>Donde ser\u00e1 posible fondear, bien para darse un ba\u00f1o o poder hacer una de las actividades mas divertidas posibles como el <strong>SEABOB<\/strong> , o porque no algo mas tranquilo como una horita de <strong>PADDLE SURF<\/strong> O <strong>SNORKEL<\/strong>, con tal de satisfacer el gusto de nuestros clientes.<\/p>\n<p><strong>RECOMENDACI\u00d3N PARA COMER<\/strong><\/p>\n<p>A la hora de comer moveremos hacia uno de los dos destinos elegidos para esta ocasi\u00f3n.<\/p>\n<p><strong>SOL D\u00b4EN SERRA<\/strong>-Restaurante <strong>AMANTES IBIZA<\/strong><\/p>\n<p>En la playa de <strong>SOL D`EN SERRA <\/strong>se encuentra este maravilloso lugar para comer donde no solo disfrutaran de la comida sino tambi\u00e9n de su cocteler\u00eda y por supuesto de sus espectaculares vistas.<\/p>\n<p>O en la playa <strong>De S\u00b4ESTANYOL-<\/strong> <strong>TAPAS BONITA<\/strong><\/p>\n<p>Comer en tapas bonita siempre es placer tambi\u00e9n, disfrutar de esta magn\u00edfica playa por la tarde hasta la hora de zarpar a puerto ser\u00e1 un magnifico final para este d\u00eda[\/vc_column_text][vc_empty_space][\/vc_column][vc_column width=\u201d1\/2\u2033][vc_empty_space height=\u201d50\u2033][vc_media_grid grid_id=\u201dvc_gid:1521542927271-58b472f1-8ab6-8\u2033 include=\u201d440,441,442,443,445,446\u2033][vc_empty_space][\/vc_column][\/vc_row][vc_row css=\u201d.vc_custom_1521466480099{background-color: #e5e5e5 !important;}\u201d][vc_column width=\u201d1\/2\u2033][vc_empty_space][vc_column_text el_class=\u201dtitulosnegro\u201d]<\/p>\n<h2><strong>DESTINO 3<\/strong><\/h2>\n<p>[\/vc_column_text][vc_column_text el_class=\u201dtextonegro\u201d]<strong>CALA JONDAL<\/strong><\/p>\n<p>Salida de Marina botafoch y cruzados Les Freus costearemos el sur de la isla hasta la playa de DES JONDAL.<\/p>\n<p>Una vez fondeados tendr\u00e1n la posibilidad de ba\u00f1arse, relajarse\u2026practicar snorkel, paddle surf\u2026 hasta la hora de comer\u2026<\/p>\n<p>Ofrecemos opciones como estos dos maravillosos clubs de playa, donde podr\u00e1 saciar su apetito a la hora de la comida tras una linda ma\u00f1ana en la cala. YEMANJA, o BLUE MARLIN.<\/p>\n<p>\u00bfY porque no? por la tarde si lo desean contratar otro tipo de actividad mas emocionante si lo prefieren\u2026 como el <strong>FLY BOARD<\/strong> Y <strong>OVERBOARD <\/strong><\/p>\n<p>Terminaran el d\u00eda relaj\u00e1ndose en el barco con un buen mojito, pi\u00f1a colada, o con una buena botella de champan.[\/vc_column_text][vc_empty_space][\/vc_column][vc_column width=\u201d1\/2\u2033][vc_empty_space height=\u201d50\u2033][vc_media_grid grid_id=\u201dvc_gid:1521542927273-6b0e54dc-c333-1\u2033 include=\u201d447,448,450,451,452,465\u2033][vc_empty_space][\/vc_column][\/vc_row][vc_row css=\u201d.vc_custom_1521465251826{background-color: #ffffff !important;}\u201d][vc_column width=\u201d1\/2\u2033][vc_empty_space][vc_column_text el_class=\u201dtitulosnegro\u201d]<\/p>\n<h2><strong>DESTINO 4<\/strong><\/h2>\n<p>[\/vc_column_text][vc_column_text el_class=\u201dtextonegro\u201d]<strong>ES VEDRA <\/strong><\/p>\n<p>En este magn\u00edfico tour por una de las islas mas misteriosas de las Pitiusas , disfrutaras del relax y LA MAGIA de estos maravillosos islotes al suroeste de la isla de Ibiza.<\/p>\n<p>Fondear y darse un ba\u00f1o en estas m\u00edticas islas har\u00e1 una experiencia inolvidable<\/p>\n<p>Hacer snorkel en esta zona es pr\u00e1cticamente obligado dado que su fondo marino tiene una gran diversidad y fauna marina.<\/p>\n<p>A la hora de comer que mejor opci\u00f3n que la playa de DES JONDAL.<\/p>\n<p>Y las opciones son varias nosotros recomendamos dos en este caso\u2026.BLUE MARLIN IBIZA O YEMANJA\u2026donde podr\u00e1n disfrutar aparte de su comida \u2026tambi\u00e9n de sus deliciosas SANGRIAS\u2026.[\/vc_column_text][vc_empty_space][\/vc_column][vc_column width=\u201d1\/2\u2033][vc_empty_space height=\u201d50\u2033][vc_media_grid grid_id=\u201dvc_gid:1521542927283-5425fddb-0afe-10\u2033 include=\u201d447,457,449,458,459,467\u2033][vc_empty_space][\/vc_column][\/vc_row]<\/p>\n","protected":false},"excerpt":{"rendered":"<p>[vc_row css=\u201d.vc_custom_1521542971227{margin-top: 100px !important;background-color: #e8e8e8 !important;}\u201d][vc_column width=\u201d1\/2\u2033][vc_empty_space height=\u201d20px\u201d][vc_column_text el_class=\u201dtitulosnegro\u201d] DESTINO 1 [\/vc_column_text][vc_column_text el_class=\u201dtextonegro\u201d]PLAYA DE ILLETES FORMENTERA: isla de las Pitiusas al sur de Ibiza , donde podr\u00e1 disfrutar de un magnifico d\u00eda en barco y chiringuitos. Una vez fondeados en la playa de ILLETES, disfrutaran de una relajante ma\u00f1ana de playa, donde entre ba\u00f1o y [&hellip;]<\/p>\n","protected":false},"author":1,"featured_media":0,"parent":0,"menu_order":0,"comment_status":"closed","ping_status":"closed","template":"page-templates\/template-onepage.php","meta":{"footnotes":""},"class_list":["post-25","page","type-page","status-publish","hentry"],"_links":{"self":[{"href":"https:\/\/www.newambientibiza.com\/index.php?rest_route=\/wp\/v2\/pages\/25","targetHints":{"allow":["GET"]}}],"collection":[{"href":"https:\/\/www.newambientibiza.com\/index.php?rest_route=\/wp\/v2\/pages"}],"about":[{"href":"https:\/\/www.newambientibiza.com\/index.php?rest_route=\/wp\/v2\/types\/page"}],"author":[{"embeddable":true,"href":"https:\/\/www.newambientibiza.com\/index.php?rest_route=\/wp\/v2\/users\/1"}],"replies":[{"embeddable":true,"href":"https:\/\/www.newambientibiza.com\/index.php?rest_route=%2Fwp%2Fv2%2Fcomments&post=25"}],"version-history":[{"count":16,"href":"https:\/\/www.newambientibiza.com\/index.php?rest_route=\/wp\/v2\/pages\/25\/revisions"}],"predecessor-version":[{"id":469,"href":"https:\/\/www.newambientibiza.com\/index.php?rest_route=\/wp\/v2\/pages\/25\/revisions\/469"}],"wp:attachment":[{"href":"https:\/\/www.newambientibiza.com\/index.php?rest_route=%2Fwp%2Fv2%2Fmedia&parent=25"}],"curies":[{"name":"wp","href":"https:\/\/api.w.org\/{rel}","templated":true}]}}